*q + 565 = 40. Let n = 39 + -27. What is the remainder when q is divided by n?
9
What is the remainder when (36/15)/(27/180) is divided by 6?
4
Let a = -658 - -665. What is the remainder when 55 is divided by a?
6
What is the remainder when 86 is divided by (-10695)/(-310) + 2/(-4)?
18
Let f = -1412 + 1521. What is the remainder when 417 is divided by f?
90
Calculate the remainder when 257 is divided by (-575)/(-7) + 48/56.
8
Let g = -131 + 148. What is the remainder when 42 is divided by g?
8
Let q = 12 + -7. Suppose -3*g + 28 = 5*j, 26 = -0*j + q*j + g. Suppose -j*k + 0 = -110. Calculate the remainder when k is divided by 12.
10
Suppose 2*j + 2*j - 104 = 0. Suppose 980 = -16*x + 30*x. Calculate the remainder when x is divided by j.
18
Suppose 0 = 5*j + 8 + 7, -4*z = -5*j - 35. Suppose -4*c - 115 = -z*t, -c + 3 = -2. What is the remainder when t is divided by 6?
3
Let n = -159 - -135. What is the remainder when 59 is divided by (n/15 - 2)*20/(-6)?
11
Let x be 6/5*(-100)/6. Let p = x - -32. What is the remainder when 107 is divided by p?
11
Suppose -3*p + 13 + 17 = 3*d, 0 = -4*p + 5*d + 67. What is the remainder when -94*(2/8*2)/(-1) is divided by p?
8
Let y = 39 + -17. Let f(l) = 0 + 4 - 2 + 8*l + 4*l. Calculate the remainder when f(7) is divided by y.
20
Let r(i) = -8*i + 139. What is the remainder when 155 is divided by r(14)?
20
What is the remainder when (-3)/(-24) - (-11746)/112 is divided by 27?
24
Let n be (-2 + -4 + 6)/1. Suppose n = -3*s + 2 + 7. Suppose s*z - 35 = 2*z. Calculate the remainder when z is divided by 12.
11
Let s(j) = 2 - j - 3 + j**2 - 328*j**3 + 223*j**3. Calculate the remainder when s(-1) is divided by 27.
25
Suppose 8 = -3*a + 2. Calculate the remainder when -15*((-19)/15 + 6/(-15)) is divided by a*(30/(-4) + 3).
7
Suppose -15*s + 736 = -7*s. Let m = s - 54. Calculate the remainder when 110 is divided by m.
34
Suppose 0 = -2605*g + 2598*g + 77. What is the remainder when g is divided by 2/1*(4 + -2)?
3
Let s = -249 + 267. What is the remainder when 55 is divided by s?
1
Let g(l) = l**2 + 58*l + 134. Calculate the remainder when 129/3 - (1 - -1) is divided by g(-56).
19
Let o(k) = k**3 - k**2 + 3*k - 2. Let l be ((-114)/(-30))/(2/10). Let z = l + -4. Calculate the remainder when z is divided by o(2).
7
Suppose -224 = -4*a - 4*v, -2*v - 4 = -12. What is the remainder when 126 is divided by a?
22
Let g(l) = 13*l - 5. Let p be g(3). Suppose -2*j + 18 = -p. What is the remainder when j is divided by 15?
11
Let l = 51 - 25. Let x = 35 - l. What is the remainder when 14 is divided by x?
5
Let f(g) = g**2 - 4*g - 6. Let u be 1 + 18/(-3) + 2. Calculate the remainder when 56 is divided by f(u).
11
Suppose 45*y = 6*y + 819. Calculate the remainder when 394 is divided by y.
16
Suppose -2*b = -u + 1093, 4*u - 5*b = u + 3284. What is the remainder when u is divided by 24?
23
Suppose 4*m = t + 4*t + 19, -5*m + 34 = 4*t. Let y(i) = 2*i**2 + 4*i - 3. Let b be y(4). Suppose 0*l - b = -5*l. What is the remainder when l is divided by m?
3
Let q = 732 + -652. What is the remainder when 396 is divided by q?
76
Suppose 162*v = 173*v - 253. What is the remainder when 39 is divided by v?
16
Let b(x) = x**3 - 6*x**2 + 3*x + 9. Suppose 6 + 4 = w. What is the remainder when b(6) is divided by w?
7
What is the remainder when 796 is divided by 6 - (-4)/(8/102)?
55
Let s(f) = -f**3 - 21*f**2 - 28*f - 28. Calculate the remainder when s(-20) is divided by 7.
6
Suppose -s = 3*z - 23, -4*s + 9*s = -z + 157. Let k = -18 + s. Let g = 44 + -4. What is the remainder when g is divided by k?
12
Let x be ((-49)/(-7))/((-1)/(-1)). Suppose x*s + 29 = 8*s. What is the remainder when s is divided by (-5)/(-1)*(-8)/(-5)?
5
Calculate the remainder when 65 is divided by (-15 - -9)/(-2*3/16).
1
Let v(w) = -w**2 - 13*w + 11. Let h be v(-8). What is the remainder when h + (3 - 0) + (-19 - -15) is divided by 11?
6
Let c = 1024 - 14. What is the remainder when c is divided by 78?
74
Suppose 6*o - 2343 = -153. What is the remainder when o is divided by 53?
47
Let v(o) = -o. Let m be v(3). Let r = m - -21. Suppose 0*p = 2*q + 5*p - 30, 4*q = -3*p + 32. What is the remainder when r is divided by q?
3
What is the remainder when 86 is divided by (-208)/112*(-14)/4*2?
8
Suppose -1201 = -8*q - 905. Calculate the remainder when q is divided by 24.
13
Let a = 2 + 1. Suppose -4*b + 421 = 3*r, -b = a*r + 2*b - 426. Calculate the remainder when 30 is divided by (-1)/(3 - r/48).
14
Let i = 113 - 90. What is the remainder when i is divided by 4?
3
Suppose 4*l = -5*q - 20, 0 = -0*q - 3*q - 5*l - 12. What is the remainder when 47 is divided by (-1)/2 - 110/q?
20
Suppose -o = 3*o - 44. Let i = -3493 + 3558. Calculate the remainder when i is divided by o.
10
Suppose -397 = -3*x - 148. Calculate the remainder when (2 - (-3 + x))/((-18)/12) is divided by 19.
14
Let s(m) = -m**3 + 8*m**2 - 24*m + 76. Calculate the remainder when 118 is divided by s(5).
25
Let m(s) = -s**3 + 7*s**2 + 18*s + 2. Let r be m(9). Let j = 251 + -134. Suppose -r*t = t - j. Calculate the remainder when t is divided by 10.
9
Let g(u) = -44*u**3 - u**2 - u - 1. Calculate the remainder when g(-1) is divided by 25.
18
Suppose 4*p - 63 = -5*o, -6*o + 4*o = -5*p + 87. Calculate the remainder when (-326)/(-10) - 4/(-10) is divided by (p/(-2))/((-15)/30).
16
Let x(w) = -35*w - 414. Calculate the remainder when x(-17) is divided by 22.
5
Let y = -23 + 7. Let o = 19 + y. Suppose -27 = o*g - 84. What is the remainder when 75 is divided by g?
18
Let w(p) = -9*p + 9. Let s(o) = 8*o - 10. Let d(u) = 6*s(u) + 7*w(u). What is the remainder when d(-2) is divided by 17?
16
Let f(u) = -9 + 6*u - 24*u - 22*u. Calculate the remainder when f(-2) is divided by 18.
17
Suppose -15*p - 1974 = -29*p. Calculate the remainder when p is divided by 9.
6
Suppose 4*w - 328 - 67 = -5*z, -3*z + 240 = 3*w. Calculate the remainder when z is divided by 21.
12
Let j(f) be the second derivative of -4*f**3/3 - 9*f**2 - 4*f. What is the remainder when j(-9) is divided by 29?
25
Suppose 12 = -3*b, b + 48 = 4*k - 0*b. Calculate the remainder when 186 is divided by k.
10
Let g = -100 - -160. Suppose -5*o = -10*o + g. What is the remainder when o is divided by 7?
5
Let x(l) = -l**3 + 15*l**2 - 16*l + 19. Let g be x(14). Let a(j) = -j**2 - 11*j - 4. Let k be a(g). What is the remainder when 26 is divided by k/4*(-11 - -13)?
5
Let b(h) = -h**3 + 5*h**2 - 4*h + 9. Let z be b(4). Suppose 6 = -3*a + z. What is the remainder when a is divided by -1 + (1 - (-4)/4)?
0
Calculate the remainder when (11052/8)/9 + 1/(-2) is divided by 22.
21
What is the remainder when -1 + (109 - -3) + -2 is divided by 28?
25
Let v = 522 - 520. What is the remainder when 44 is divided by v?
0
Calculate the remainder when 695 is divided by ((-460)/(-690))/(((-2)/(-123))/1).
39
Suppose 78 = 4*q + 34. Suppose q*j - 13*j = -12. Calculate the remainder when 33 is divided by j.
3
Let u(x) = -x**2 + 12*x - 7. Let p be u(11). Let q(j) = -j**2 + 8*j. What is the remainder when 24 is divided by q(p)?
8
Let s = -5 - -27. Suppose -4*n = -134 - s. What is the remainder when n is divided by 11?
6
Let u = -157 + 1979. What is the remainder when u is divided by 96?
94
Let z = -216 + 220. What is the remainder when 20 is divided by z?
0
Suppose m - 5*n + 17 = 0, -2 + 17 = 3*n. Let d(u) = 3*u**2 - 18*u - 4. What is the remainder when d(m) is divided by 12?
8
Let x = 422 + -432. Let q(u) = -4 - 2 - 7*u - 15. Calculate the remainder when q(x) is divided by 25.
24
Calculate the remainder when (-5694)/(-48) - (-6)/16 is divided by 20.
19
Let q(p) = -31 - 28 + 2*p + 84. Calculate the remainder when 11 is divided by q(-11).
2
Suppose 4*g - h = 17, -3*h = 3 - 0. Suppose -g*f - c = 2*c - 80, 0 = 4*f - 5*c - 48. Let l = f + -7. What is the remainder when 37 is divided by l?
7
Suppose 3*l - 11 = p - 3*p, 2*l = 3*p - 49. Calculate the remainder when 192 is divided by p.
10
Suppose -v - 284 + 308 = 4*n, -4*v = 3*n - 96. Suppose 46 = 3*i - 74. Calculate the remainder when i is divided by v.
16
Suppose 15 = -11*h - 7. Calculate the remainder when 107*(h - (-7 - -4)) is divided by 28.
23
Let g be 32/(-40) + (-58)/(-10). Calculate the remainder when 8 is divided by -15*(25/(-15))/g.
3
Let v(s) = s - 2. Let i be v(6).